{"id":92,"date":"2014-06-18T12:28:32","date_gmt":"2014-06-18T10:28:32","guid":{"rendered":"http:\/\/sgarena.fomalhaut.uberspace.de\/?page_id=4"},"modified":"2024-07-27T17:03:34","modified_gmt":"2024-07-27T15:03:34","slug":"home","status":"publish","type":"page","link":"http:\/\/sgp-arena.de\/","title":{"rendered":"Home"},"content":{"rendered":"<p>Liebe Mitb\u00fcrger und Freunde des Sports<br \/>\nund vor allem der Fu\u00dfballabteilung der SG Partenheim<\/p>\n<p>Der F\u00f6rderverein SGP Sport-Arena hat es sich zur Aufgabe gemacht, den Sport<br \/>\nin Partenheim bei seiner Ausf\u00fchrung, bei den erforderlichen Einrichtungen (Ausr\u00fcstung,<br \/>\nSportger\u00e4te, Sportgel\u00e4nde etc.) und in der Weiterentwicklung zu unterst\u00fctzen.<\/p>\n<p>Bei der Sportgemeinde 1898 Partenheim e.V. nehmen im Abteilungsbereich Fu\u00dfball<br \/>\n\u00fcber 150 Sportler im Jugend- und Aktivenbereich am Spielbetrieb teil.<br \/>\nSie k\u00f6nnen sich sicherlich vorstellen, dass bei dieser erfreulich gro\u00dfen Anzahl von Aktiven Sportlerinnen und Sportlern die Ausgaben erheblich sind.<\/p>\n<p>Da die Mitgliedsbeitr\u00e4ge f\u00fcr den Hauptverein SGP weitgehend bereits zweckgebunden sind, und weitere \u00f6ffentliche Veranstaltungen den Verein zus\u00e4tzlich fiskalisch belasten w\u00fcrden, bietet der F\u00f6rderverein eine M\u00f6glichkeit, Sonderveranstaltungen durchzuf\u00fchren und dadurch den laufenden Sportbetrieb zeitgem\u00e4\u00df durch finanzielle Mittel zu unterst\u00fctzen. Dabei legen wir ein besonderes Augenmerk auf die F\u00f6rderung des Nachwuchs-Fu\u00dfballs im Jugendbereich.<\/p>\n<p>Der F\u00f6rderverein verfolgt ausschlie\u00dflich und unmittelbar gemeinn\u00fctzige Zwecke. Die Mittel des Vereins werden ausschlie\u00dflich f\u00fcr satzungsgem\u00e4\u00dfe Zwecke verwendet werden. Um langfristig<br \/>\ndie Gemeinn\u00fctzigkeit zu gew\u00e4hrleisten, ist es satzungsgem\u00e4\u00df erforderlich, dass sich dem F\u00f6rderverein weitere Mitglieder anschlie\u00dfen, die den Verein in geeigneter Weise f\u00f6rdern und unterst\u00fctzen.<\/p>\n<p>Wir w\u00fcrden uns freuen, zahlreiche weitere Mitglieder in unserem F\u00f6rderverein begr\u00fc\u00dfen zu d\u00fcrfen.<\/p>\n<p>Marco Steinf\u00fchrer<\/p>\n","protected":false},"excerpt":{"rendered":"<p>Liebe Mitb\u00fcrger und Freunde des Sports und vor allem der Fu\u00dfballabteilung der SG Partenheim Der F\u00f6rderverein SGP Sport-Arena hat es sich zur Aufgabe gemacht, den Sport in Partenheim bei seiner Ausf\u00fchrung, bei den erforderlichen Einrichtungen (Ausr\u00fcstung, Sportger\u00e4te, Sportgel\u00e4nde etc.) und in der Weiterentwicklung zu unterst\u00fctzen. Bei der Sportgemeinde 1898 Partenheim e.V. nehmen im Abteilungsbereich Fu\u00dfball [&hellip;]<\/p>\n","protected":false},"author":1,"featured_media":5,"parent":0,"menu_order":0,"comment_status":"closed","ping_status":"closed","template":"","meta":[],"_links":{"self":[{"href":"http:\/\/sgp-arena.de\/index.php?rest_route=\/wp\/v2\/pages\/92"}],"collection":[{"href":"http:\/\/sgp-arena.de\/index.php?rest_route=\/wp\/v2\/pages"}],"about":[{"href":"http:\/\/sgp-arena.de\/index.php?rest_route=\/wp\/v2\/types\/page"}],"author":[{"embeddable":true,"href":"http:\/\/sgp-arena.de\/index.php?rest_route=\/wp\/v2\/users\/1"}],"replies":[{"embeddable":true,"href":"http:\/\/sgp-arena.de\/index.php?rest_route=%2Fwp%2Fv2%2Fcomments&post=92"}],"version-history":[{"count":3,"href":"http:\/\/sgp-arena.de\/index.php?rest_route=\/wp\/v2\/pages\/92\/revisions"}],"predecessor-version":[{"id":349,"href":"http:\/\/sgp-arena.de\/index.php?rest_route=\/wp\/v2\/pages\/92\/revisions\/349"}],"wp:featuredmedia":[{"embeddable":true,"href":"http:\/\/sgp-arena.de\/index.php?rest_route=\/wp\/v2\/media\/5"}],"wp:attachment":[{"href":"http:\/\/sgp-arena.de\/index.php?rest_route=%2Fwp%2Fv2%2Fmedia&parent=92"}],"curies":[{"name":"wp","href":"https:\/\/api.w.org\/{rel}","templated":true}]}}