{"id":25,"date":"2014-06-18T12:33:32","date_gmt":"2014-06-18T10:33:32","guid":{"rendered":"http:\/\/sgarena.fomalhaut.uberspace.de\/?page_id=25"},"modified":"2024-10-16T11:15:31","modified_gmt":"2024-10-16T09:15:31","slug":"der-vorstand","status":"publish","type":"page","link":"http:\/\/sgp-arena.de\/?page_id=25","title":{"rendered":"Der Vorstand"},"content":{"rendered":"<p>1. Vorsitzender: Marco Steinf\u00fchrer<\/p>\n<p>Schriftf\u00fchrer: Steffen Blees-Wallich<\/p>\n<p>Kassenwart: J\u00f6rg Hofmann<\/p>\n<p>Beisitzer: Reimund Botens<\/p>\n<p>Beisitzer: Thiemo Jung<\/p>\n","protected":false},"excerpt":{"rendered":"<p>1. Vorsitzender: Marco Steinf\u00fchrer Schriftf\u00fchrer: Steffen Blees-Wallich Kassenwart: J\u00f6rg Hofmann Beisitzer: Reimund Botens Beisitzer: Thiemo Jung<\/p>\n","protected":false},"author":1,"featured_media":5,"parent":0,"menu_order":0,"comment_status":"closed","ping_status":"closed","template":"","meta":[],"_links":{"self":[{"href":"http:\/\/sgp-arena.de\/index.php?rest_route=\/wp\/v2\/pages\/25"}],"collection":[{"href":"http:\/\/sgp-arena.de\/index.php?rest_route=\/wp\/v2\/pages"}],"about":[{"href":"http:\/\/sgp-arena.de\/index.php?rest_route=\/wp\/v2\/types\/page"}],"author":[{"embeddable":true,"href":"http:\/\/sgp-arena.de\/index.php?rest_route=\/wp\/v2\/users\/1"}],"replies":[{"embeddable":true,"href":"http:\/\/sgp-arena.de\/index.php?rest_route=%2Fwp%2Fv2%2Fcomments&post=25"}],"version-history":[{"count":9,"href":"http:\/\/sgp-arena.de\/index.php?rest_route=\/wp\/v2\/pages\/25\/revisions"}],"predecessor-version":[{"id":364,"href":"http:\/\/sgp-arena.de\/index.php?rest_route=\/wp\/v2\/pages\/25\/revisions\/364"}],"wp:featuredmedia":[{"embeddable":true,"href":"http:\/\/sgp-arena.de\/index.php?rest_route=\/wp\/v2\/media\/5"}],"wp:attachment":[{"href":"http:\/\/sgp-arena.de\/index.php?rest_route=%2Fwp%2Fv2%2Fmedia&parent=25"}],"curies":[{"name":"wp","href":"https:\/\/api.w.org\/{rel}","templated":true}]}}